- 96 = -2*h. What are the prime factors of h?
5
Let d(g) = g**2 - 6*g - 7. What are the prime factors of d(10)?
3, 11
Let k(u) = -13*u + 1. What are the prime factors of k(-6)?
79
Let g(x) = -x - 2. Let j be g(-2). Suppose -u = 3*k - 7 - 0, 4*u = 3*k - 17. Suppose -k*o + 1 + 17 = j. What are the prime factors of o?
2, 3
Suppose 0 = -2*v + v. Suppose 0 = 3*z - v*z - 54. What are the prime factors of z?
2, 3
Suppose 3*g = u + 12, -u = -5*u + 3*g - 3. Suppose -u*y = x - 83, 0*y = -3*y - 3*x + 81. What are the prime factors of y?
2, 7
Let p(j) be the first derivative of 5*j**2 - j + 1. Let o be p(1). Suppose -5*u + o = -k, 3*k - u - 1 = 28. What are the prime factors of k?
11
Let p(t) be the first derivative of 14*t**3/3 - 1. What are the prime factors of p(1)?
2, 7
Suppose 2*o - 51 = -31. Suppose x + o*a - 5*a = -5, 3*x + 3*a - 33 = 0. List the prime factors of x.
3, 5
What are the prime factors of 522/8 + (-30)/(-40)?
2, 3, 11
Let s = 104 - -101. What are the prime factors of s?
5, 41
Suppose 4 = 3*s - 2*q - 70, 3*s + 4*q - 104 = 0. Let m be -1 + 1 + 0 + s. Suppose 0 = 4*w + d - m, -2*w = -0*d + 3*d - 4. List the prime factors of w.
2
Let z = 10 - -46. List the prime factors of z.
2, 7
Let f(c) = 2*c**2 + 3*c - 2. List the prime factors of f(-4).
2, 3
Let x = -6 - -8. Let i(q) = q**3 - 3 - 1 + 5*q**x + 3*q + 3*q**2 + 3*q. What are the prime factors of i(-7)?
3
Let g(c) = -c**2 + 2*c. Let s be g(4). Let u be (s/(-5))/(8/20). Suppose -u*b = -0*b - 48. List the prime factors of b.
2, 3
Let s(r) = -4*r + 8. Let x(w) = -2*w + 4. Let t(p) = -3*s(p) + 7*x(p). What are the prime factors of t(-18)?
2, 5
Let y be 6/27 + (-536)/(-18). Suppose -4*w + w = -y. What are the prime factors of w?
2, 5
Let t(z) = -2*z**2 - 31*z - 12. List the prime factors of t(-13).
53
Suppose -2 = 4*f - 3*y, 3*f + 12 = -4*y - 2. Let t = 12 + f. Let i = 19 - t. List the prime factors of i.
3
Let g = 69 - 39. List the prime factors of g.
2, 3, 5
Let i = 115 + -62. What are the prime factors of i?
53
Let o = -16 - -31. Let u be (41/(-2))/(1/(-2)). Suppose 4*g + 16 = 0, g + o = -5*p + u. List the prime factors of p.
2, 3
Suppose -3*i - 7 = 4*i. What are the prime factors of (5/(-10))/(i/30)?
3, 5
What are the prime factors of (52/6)/((-3)/(-9))?
2, 13
Suppose 0 = -0*j - j. List the prime factors of j - -3 - (0 + 1).
2
Let n(p) = p + 1. Let m(j) = -2*j + 12. Let o(z) = m(z) + 3*n(z). What are the prime factors of o(-11)?
2
Let f = 27 - 54. Let q = f + 38. What are the prime factors of q?
11
Suppose -4*s = -0*s + 80. What are the prime factors of (-1)/4 + (-445)/s?
2, 11
Let b = -47 + 77. List the prime factors of b.
2, 3, 5
Suppose 0*t - 12 = -4*t. Suppose 5*z - 3*c - 37 = 0, 2*z - 3*c - 16 = -t. List the prime factors of z.
2
Suppose n + r - 7 = 0, 2*n + n + 2*r - 25 = 0. Let g(x) = x**3 - 3*x**2 + x + 2. Let f be g(3). Let o = n - f. List the prime factors of o.
2, 3
Suppose 4*k = 106 + 234. Suppose 4*j = -y - 0*y + 5, -5*y - 5*j = -k. List the prime factors of y.
3, 7
Suppose 0 = 3*h + 5*k + 31, -3*h - k - 67 = -5*k. Let p = -2 - h. List the prime factors of p.
3, 5
Suppose -5 - 7 = -4*h. List the prime factors of h.
3
Let z = 61 + -28. List the prime factors of z.
3, 11
Let r = -7 - 0. Suppose -16 + 2 = -2*c + 2*n, -4*c = 5*n + 17. What are the prime factors of (c/(-6))/(r/231)?
11
Suppose 246 = z + 2*z. What are the prime factors of z?
2, 41
Let h(j) = -j**2 - 7*j - 5. Let q be h(-6). Suppose -5*u + 9 = -q. List the prime factors of (-12)/(-3) - u - -11.
13
Let z = 2 - -17. Suppose -25 = -4*k + z. Suppose 5*s - k - 24 = 0. What are the prime factors of s?
7
Let d(g) = 73*g. What are the prime factors of d(1)?
73
Suppose -4*q - 56 = -4*h, -5*h = -4*h + 2*q + 1. Let a be (-10)/(-3) - 3/h. Let k = a - -8. List the prime factors of k.
11
Let t = 102 + -57. List the prime factors of t.
3, 5
What are the prime factors of 4 + (-8 - -2) - 218/(-2)?
107
Let p(c) = 239*c - 32. What are the prime factors of p(2)?
2, 223
Suppose 3*j + 12 = 0, 0*k - 5*k + 20 = -5*j. Suppose 5*h - 7*h + 64 = k. List the prime factors of h.
2
Let b be (6/15)/(2/10). Suppose b*v = -4*l + 24, -3*l + l = -5*v. Suppose 0 = 5*w - v*w - 45. What are the prime factors of w?
3, 5
Let r(h) = -2*h**3 + 2*h + 1. What are the prime factors of r(-2)?
13
Let p(z) = -8*z**3 - 3*z**2 - 4*z - 3. What are the prime factors of p(-2)?
3, 19
Let h(b) = -b**3 + 5*b**2 + 7*b - 1. Let m(r) = -r**2 + 7*r + 1. Let i be m(6). Suppose -5 - i = -2*q. List the prime factors of h(q).
5
Let f(b) = -b**3 + 2*b + 1. Let a be f(3). Let h = 32 + a. What are the prime factors of h?
2, 3
Suppose 1 = r - 3*c, 0 = -4*r - 0*c + 4*c + 20. What are the prime factors of r?
7
Suppose 75 = -b + 6*b. List the prime factors of b.
3, 5
Let b be -2*(-3)/6 + 1. Let i = 10 - b. Suppose -4*m - i = 0, 12 + 0 = 4*z - 2*m. What are the prime factors of z?
2
Let j = -10 + 44. Let u = j - -7. What are the prime factors of u?
41
Let x be 24/(-42) + 24/(-7). Let r = 47 + x. List the prime factors of r.
43
Let d be (-6)/(-3) - 16/2. Let k = d + 8. Suppose 0 = -4*o - 5*u + 3, 4*o - 13 = k*u + 3*u. List the prime factors of o.
2
Suppose -213 = 21*n - 24*n. List the prime factors of n.
71
Let q(c) = c + 1. Let m be q(3). Let z = 4 - 2. Suppose -z*y = -m*y + 6. List the prime factors of y.
3
Suppose -2*h + 14 = -0*h. Suppose 4*c + 4*p - 19 = -c, -3*c = -2*p - h. List the prime factors of c.
3
Let h(y) = y - 1. Let k(o) = 13*o + 7. Let s(w) = -6*h(w) - k(w). Let u be s(1). Let f = u + 33. List the prime factors of f.
13
Let p(m) = -m - 3. Let j be p(-8). Suppose -k + 3 = j*u - 58, u + k - 9 = 0. What are the prime factors of u?
13
What are the prime factors of (296/4)/((-8)/(-4))?
37
List the prime factors of 573/18 + (-2)/(-12).
2
Let b = -200 - -303. List the prime factors of b.
103
Suppose 30 = 2*s - 7*s. Let k be 4/(-10) - s/15. List the prime factors of 4*(1 - (-1 - k)).
2
Let f(t) = t**3 + 3*t**2 + 3*t**2 + 4*t - 3 - 5*t. Let g be f(-6). Let y = g - 0. What are the prime factors of y?
3
Let b(p) = -p - 2. Let k be b(-4). Suppose -4*f + f + 15 = 0. Suppose -4*o + 5 - k = 3*z, -5*o = f*z. List the prime factors of o.
3
Suppose 5*o - 1300 = -4*q, -5*q + 212 - 765 = -2*o. List the prime factors of o.
2, 3, 11
Let s(a) = -a**3 + 7*a**2 + a - 2. Let d be (8 - 2/2)*1. Let v be s(d). Let x(w) = 3*w + 1. List the prime factors of x(v).
2
Suppose -3*c + 8*o = 3*o - 486, 0 = -2*c - 4*o + 324. What are the prime factors of c?
2, 3
Let k = 18 + -16. Suppose 0 = 5*z - 5*g - 85, k*z - 3*g + 9 = 3*z. List the prime factors of z.
3, 5
Let z(f) = f**3 + f**2 - 5*f + 6. List the prime factors of z(3).
3
Let a(q) be the second derivative of -7*q**3/6 - 3*q**2/2 + 2*q. List the prime factors of a(-3).
2, 3
Suppose -4*c + 2*d + 324 = -d, -4*c = -2*d - 328. Suppose 0*x - 3*f - 58 = -2*x, -3*x + 3*f = -c. What are the prime factors of x?
2, 13
Suppose -54 = -h - 3. Let d = h - 33. List the prime factors of d.
2, 3
Suppose -z - 347 = -5*h, -2*z - 16 = -h + 48. List the prime factors of h.
2, 5, 7
Suppose 4*h + 12 = 2*h. Let b = -4 - h. Suppose -4*j = -b*a - 3*a + 45, 2*j = -5*a + 45. What are the prime factors of a?
3
Let w(j) = 10*j**3 + j**2 - 1. Let m be w(1). Suppose -m = 5*q, 5*g - 24 = 4*q - 2*q. Suppose -g*h + 20 = -2*h. What are the prime factors of h?
2, 5
Let b(i) = -i**3 + 6*i**2 - 4*i - 5. What are the prime factors of b(4)?
11
Let i = -1 - -5. Suppose i = f + 1. List the prime factors of f.
3
Let j(x) = x**2 + 5*x. Let y be j(-5). Suppose y = -2*k + s + 11 + 6, s = -1. Suppose -k = 2*r + 4*v, 2*r + 2*r + 4 = -5*v. What are the prime factors of r?
2
Let x(v) = 11*v**3 - 5*v**2 - 4*v. Suppose -f = -2 + 3. Let d(i) = -i**3 - i**2 - i. Let t(c) = f*x(c) + 3*d(c). What are the prime factors of t(-1)?
3, 5
What are the prime factors of (4 - (-48)/(-14))*28?
2
Suppose 0 = -o - 5*c + 7, -2*o + 3*c + 2 = 1. Suppose -o*l = 4*b - 110, -3*b = 2*l - 3*l - 95. What are the prime factors of b?
2, 3, 5
What are the prime factors of -4 + 1 + (252 - (-5 + 2))?
2, 3, 7
Let l = -15 + 19. Suppose -l*i + 46 + 78 = 0. What are the prime factors of i?
31
Let r = -35 - -288. List the prime factors of r.
11, 23
Suppose 0 = 5*w - 0*w. Suppose w*c = z + c - 38, -3*z + 4*c = -128. List the prime factors 